alse
Let t(i) = 3*i**2 - 6*i - 8. Is t(7) a composite number?
False
Let v be 318/66 + 4/22. Suppose -4*i = -v*i + 115. Is i a prime number?
False
Let q be 1*-1 + (-24)/(-4). Suppose -q = -2*p - 11. Is (-23)/p - (-12)/(-18) a prime number?
True
Let r = -2 - -2. Let v be r - -1 - (2 - -9). Is 2484/30 - 2/v composite?
False
Let y(v) = -3*v + 2. Let p(m) = -8*m + 5. Let r(d) = 2*p(d) - 7*y(d). Suppose -4*k + 5*a + 28 = 0, 3*a - 2 - 19 = -3*k. Is r(k) prime?
True
Let t be ((-46)/(-10))/(2/10). Suppose -3*p + t = 2. Suppose -p - 40 = -4*z - 3*g, g - 25 = -2*z. Is z composite?
True
Let p(b) = -28*b**3 - b**2 + 3*b - 4. Is p(-3) a prime number?
False
Let v = 65 + -28. Is v a composite number?
False
Let u(f) = -7*f**3 - 3*f**2 + 5*f - 1. Is u(-4) composite?
False
Let n(q) = -14*q + 31. Is n(-12) prime?
True
Suppose -f - f = -18832. Let z be (-2)/5 + f/40. Suppose -3*j - 2*j = -z. Is j a composite number?
False
Let j be 864/10 - 4/10. Let a = 101 - 152. Let d = a + j. Is d a prime number?
False
Let v be (4 - (-4)/(-4)) + 3. Suppose -4*x + 403 = 3*o, 2*o + 521 = -x + v*x. Is x a composite number?
False
Let m = -66 - -123. Is m a prime number?
False
Let j be 2 + 3*4/6. Suppose 17 = k - j. Is k a prime number?
False
Let t(p) = 6*p**2 - 6*p - 6. Let b(c) = 9*c**2 - 9*c - 9. Suppose 5*x = 3*r - 25, 4*x + 18 = -2*r - 2. Let l(j) = x*b(j) + 8*t(j). Is l(-4) a composite number?
True
Let j be 361/5 + (-6)/30. Let a = 105 - j. Is a a composite number?
True
Is ((-2)/2*1502)/(1/(-1)) a composite number?
True
Let p(q) = -q**2 + 19*q - 27. Is p(15) prime?
False
Let q(g) = -g**3 + 3*g**2 + 3*g - 4. Let i be q(3). Let z = -8 + 12. Suppose m = -i*y + 2 + 36, y - 19 = -z*m. Is y a composite number?
False
Let r(a) be the second derivative of -a**5/20 + 2*a**2 - 3*a. Let w be r(0). Suppose -k - 5*g + 117 = 0, k + w*g = -k + 246. Is k a prime number?
True
Let n(m) = 66*m + 59. Is n(16) a prime number?
False
Let q = -1099 - -1598. Is q a prime number?
True
Let r(l) be the second derivative of -l**4/12 - 5*l**3/3 - l**2/2 + l. Let c(i) = -4*i**2 - 5*i. Let n be c(-2). Is r(n) a prime number?
True
Let f(y) = -y**2 + 5*y + 3. Let o be f(5). Let v(n) = 2*n**o - 6*n + n**3 - 3 - 3*n**3 + n**3 + 5*n**2. Is v(-4) a composite number?
False
Suppose -2*h = -6*h + 4. Suppose -2*w + h = -3. Suppose -65 = -w*d - 2*d - 5*z, 5 = 2*d - 3*z. Is d composite?
True
Let k(a) = -23*a - 2*a - 8*a. Let t be k(-5). Suppose 3*d = t + 36. Is d a prime number?
True
Suppose 0 = -4*a - 2*u + 19142, 2*a + u + 19127 = 6*a. Is a prime?
True
Suppose 2*b + 2*b - 20 = 0. Suppose -b*o = -3*o + 14. Is (-233)/o - (-4)/(-14) a composite number?
True
Let b be (-24)/(-9) - (-4)/(-6). Suppose 0 = b*g - 1 - 3, 3*g = 2*x - 44. Is x prime?
False
Let k = -5588 - -12535. Is k a prime number?
True
Let l = 255 + -172. Let w(d) = -141*d**3 - d**2 + d + 1. Let r be w(-1). Let c = l + r. Is c a prime number?
True
Suppose 0 = -3*a + 9*a - 2994. Is a composite?
False
Let o be (1/2)/((-3)/(-12)). Suppose l = o*l. Suppose 4*q + 3*a - 223 = l, q + 4*a + 128 = 3*q. Is q a composite number?
True
Let z(d) = d + 10. Let x be z(-10). Is (-84 - -5)*(x - 1) prime?
True
Suppose 5*q - 3075 = -560. Is q a prime number?
True
Suppose 335 = 10*s - 5*s. Is s prime?
True
Let x = 215 + 59. Is x composite?
True
Let p be 9/4 + (-3)/(-4). Suppose 4*h - 168 = -p*m + 146, -237 = -3*h - 3*m. Is h prime?
False
Suppose 4*w = 5*n + 411, 0*n + 5*n - 317 = -3*w. Let b be (-1)/5 - w/(-20). Suppose 0*j - 16 = 2*o - 5*j, 5*j = b*o + 10. Is o a composite number?
False
Let w be 4 - 3 - 3*-1. Suppose 3*f = f + w*g + 174, 5*g = 5*f - 415. Is f a composite number?
False
Let z be 234/(2 - (-9)/(-6)). Let x = -334 + z. Is x prime?
False
Let m(b) = 479*b - 3. Is m(4) composite?
False
Suppose 4*w - 3*t = 3121, -3*t = 8 + 1. Is w composite?
True
Let v(l) = 1011*l - 2. Is v(1) a composite number?
False
Let a(m) = -m**3 + 8*m**2 - 2*m - 5. Is a(6) a prime number?
False
Suppose -2*n + 7*n = 1465. Is n a composite number?
False
Let k = 10 + 0. Let z = k + 1. Is z composite?
False
Let d = 1660 + -983. Is d a composite number?
False
Let x be 0/1*1/1. Suppose 0 = -x*c + 3*c - 327. Let a = c + -78. Is a composite?
False
Let i be ((-10)/8)/(2/(-32)). Let g be 11770/i - 3/2. Let x = g - 328. Is x prime?
False
Suppose -5*u + 3*u = -8. Suppose 5*y + 0*y = u*i, -2*y = 3*i - 23. Suppose 3*z + 3*s - 171 = 0, -y*s - 82 = 2*z - 3*z. Is z a composite number?
True
Let h(a) = 3 - a**3 + 2*a**2 + a - 2*a**2 - 4*a**2. Is h(-5) a composite number?
False
Let w = -5 + 8. Suppose -6*b + w*b + 30 = 0. Suppose -2*f + b = -18. Is f a prime number?
False
Let w(p) = -p**3 + 13*p**2 + 5*p + 14. Is w(13) prime?
True
Suppose -k - 11 = -3*y, -k + 12 + 5 = 4*y. Suppose -y*f + 1191 = -13. Is f prime?
False
Let k(b) = -5*b**2 + 1. Let p be k(-1). Is p/(-22) - (-1206)/22 a composite number?
True
Let f = 5 + -3. Suppose -4*v + 376 = -q, -f*q - 170 = -2*v - 6*q. Is v a prime number?
False
Let n(f) = 5*f**2 - 4*f - 4. Let d(v) = -5*v**2 + 4*v + 4. Let y(w) = -5*d(w) - 4*n(w). Let x be (-8)/2 - -1*1. Is y(x) a prime number?
True
Suppose -3*n + 890 = 4*h - 91, -720 = -3*h + 3*n. Let j be 3/(-2) - h/6. Let m = j - -77. Is m prime?
False
Let t(r) = 3*r - 3. Let o be t(3). Is (-3)/o + 515/2 prime?
True
Let f be ((-5)/5)/(2/4). Let a(d) = -187*d + 1. Let n be a(f). Suppose 0 = -5*u - 2*h + n, 3*h - 13 - 49 = -u. Is u composite?
True
Let u = -177 - -484. Is u a composite number?
False
Suppose -x + 4*r + 66 = 0, -4*x + 2*r = -0*r - 320. Suppose 0*f - x = -4*y - 2*f, -5*f + 79 = 3*y. Suppose -o - 73 = -4*g, 0 = -4*o - 6 + y. Is g composite?
False
Suppose -4*c + 22 = 2*m - 4, m = c - 5. Suppose -c = -r - 4. Suppose 5*h = -8 - 17, r*w - 71 = -3*h. Is w prime?
True
Suppose -2*i - 23 = -15. Let f = 93 + i. Is f a prime number?
True
Let n = 1704 - 1107. Let z = n - 412. Is z a composite number?
True
Let k(m) = -9*m - 3. Let f be k(-5). Let b(c) = -c + 13. Let n be b(8). Suppose -a = -n - f. Is a a prime number?
True
Let k be 15 + -11 - (5 + -1). Suppose s + a + 3*a - 97 = k, 5*s = -4*a + 485. Is s prime?
True
Suppose -2*q = q - 2*b + 5, 16 = -4*q + 5*b. Let p be (q + (-1 - -1))*0. Suppose -5*r + 32 + 3 = p. Is r a prime number?
True
Let c(i) = i**3 + 10*i**2 + i + 6. Suppose -4*w = -5*a + 45, -39 = -w + 5*w + a. Let n be c(w). Is 4*1/n*-6 a composite number?
True
Suppose 0 = 2*b - 0*b. Let r be 1 + -2 - -27 - b. Suppose 5*m = -4*v + 81, 3*v - 5*m = 26 + r. Is v a prime number?
True
Suppose v = -v + 62. Is v a prime number?
True
Suppose -4*l - l - 295 = 0. Is l*(0 + (3 - 4)) a composite number?
False
Suppose h = -3*m - 52 - 31, -4*m + 396 = -5*h. Let c = -51 - h. Suppose q - 84 = -c. Is q a prime number?
False
Suppose u + 4*d = -4 - 2, -45 = -5*u - 5*d. Is u composite?
True
Let h(m) = 3*m**2 - 14*m - 18. Is h(-11) a prime number?
True
Let o(s) = 85*s - 1. Let v be o(1). Let i = v + 363. Is (i/(-6))/((-3)/6) a prime number?
True
Suppose -1948 = 2*l - 6*l. Is l prime?
True
Let z(m) = -m**3 + 15*m**2 - 8*m - 7. Let k be 16/6*(-135)/(-36). Is z(k) a composite number?
True
Suppose 11*y - 8*y = 5199. Is y a prime number?
True
Let d(v) = -2*v - 7. Let s be d(-5). Suppose m + 55 = 3*n, s*m + 2 = m. Suppose f + n - 40 = 0. Is f composite?
True
Is 151/(3/(-75)*-5) composite?
True
Let o(c) = c**2 - 8*c + 4. Let f be o(8). Suppose -2*i + f = -0, 3*a - 143 = 2*i. Is a a composite number?
True
Let j(k) = 6*k - 13. Let h(c) = c. Let r(b) = 2*h(b) - j(b). Is r(-10) composite?
False
Let g(k) = 7*k**2 + 2*k + 1. Let w be g(-1). Is 5/15 - (-76)/w a prime number?
True
Is 5*-582*3/(-30) a composite number?
True
Suppose 2*p + 4*p = 3390. Is p a prime number?
False
Let u = 597 + 34. Is u a prime number?
True
Let s = 190 - 339. Let w = s + 68. Let y = 116 + w. Is y prime?
False
Let j be 12/3 + (1 - 3). Suppose h = j*h - 9. Suppose 21 = 5*i - h. Is i a composite number?
True
Let m(d) = 7*d**2 - 14*d - 5. Is m(-10) prime?
False
Suppose -4711 = -3*o + 5*h, 0 = -2*o - 2*h + 4415 - 1285. Is o a composite number?
False
Is -170*((-4)/(-8) - 1) a composite number?
True
Let g = 411 + -148. Is g a prime number?
True
Suppose 2*j + 34 = -0*s - 3*s, 2*s + 19 = -j. Let w be 1 + -2 - (2 + j). Suppose -3*z = 3*k - 35 + w, 0 = -4*k + 2*z + 24. Is k composite?
Fa